{"id":113,"date":"2024-09-05T02:15:52","date_gmt":"2024-09-05T02:15:52","guid":{"rendered":"https:\/\/www.biosercorp.com\/?page_id=113"},"modified":"2024-09-05T02:16:09","modified_gmt":"2024-09-05T02:16:09","slug":"productos-y-servicios","status":"publish","type":"page","link":"https:\/\/www.biosercorp.com\/index.php\/productos-y-servicios\/","title":{"rendered":"Productos y Servicios"},"content":{"rendered":"<p>[et_pb_section fb_built=\u00bb1&#8243; admin_label=\u00bbService\u00bb _builder_version=\u00bb4.22.1&#8243; _module_preset=\u00bbdefault\u00bb background_color=\u00bb#000000&#8243; collapsed=\u00bbon\u00bb global_colors_info=\u00bb{}\u00bb theme_builder_area=\u00bbpost_content\u00bb][et_pb_row _builder_version=\u00bb4.27.0&#8243; _module_preset=\u00bbdefault\u00bb column_structure=\u00bb1_2,1_2&#8243; theme_builder_area=\u00bbpost_content\u00bb][et_pb_column _builder_version=\u00bb4.27.0&#8243; _module_preset=\u00bbdefault\u00bb type=\u00bb1_2&#8243; theme_builder_area=\u00bbpost_content\u00bb][et_pb_image src=\u00bbhttp:\/\/www.biosercorp.com\/wp-content\/uploads\/2024\/09\/Glow_Light_Fondo_Negro.jpeg\u00bb _builder_version=\u00bb4.27.0&#8243; _module_preset=\u00bbdefault\u00bb theme_builder_area=\u00bbpost_content\u00bb alt=\u00bbGlow Light\u00bb title_text=\u00bbGlow_Light_Fondo_Negro\u00bb hover_enabled=\u00bb0&#8243; sticky_enabled=\u00bb0&#8243; custom_margin=\u00bb|75px||||\u00bb custom_padding=\u00bb|||0px||\u00bb][\/et_pb_image][\/et_pb_column][et_pb_column _builder_version=\u00bb4.27.0&#8243; _module_preset=\u00bbdefault\u00bb type=\u00bb1_2&#8243; theme_builder_area=\u00bbpost_content\u00bb][et_pb_text _builder_version=\u00bb4.27.0&#8243; _module_preset=\u00bbdefault\u00bb theme_builder_area=\u00bbpost_content\u00bb hover_enabled=\u00bb0&#8243; sticky_enabled=\u00bb0&#8243; custom_margin=\u00bb112px|||-199px||\u00bb]<\/p>\n<p style=\"text-align: justify;\"><span style=\"color: #ffffff;\">Somos distribuidores de velas para cumplea\u00f1os y nos encargados de iluminar los momentos mas importantes de las personas y es por ello que tenemos paquetes que se amoldan a sus necesidades.<\/span><\/p>\n<p>[\/et_pb_text][\/et_pb_column][\/et_pb_row][et_pb_row _builder_version=\u00bb4.27.0&#8243; _module_preset=\u00bbdefault\u00bb column_structure=\u00bb1_2,1_2&#8243; theme_builder_area=\u00bbpost_content\u00bb][et_pb_column _builder_version=\u00bb4.27.0&#8243; _module_preset=\u00bbdefault\u00bb type=\u00bb1_2&#8243; theme_builder_area=\u00bbpost_content\u00bb][et_pb_image src=\u00bbhttp:\/\/www.biosercorp.com\/wp-content\/uploads\/2024\/09\/cropped-Bengala-4.png\u00bb _builder_version=\u00bb4.27.0&#8243; _module_preset=\u00bbdefault\u00bb theme_builder_area=\u00bbpost_content\u00bb alt=\u00bbFiestas FIFI\u00bb title_text=\u00bbcropped-Bengala-4&#8243; hover_enabled=\u00bb0&#8243; sticky_enabled=\u00bb0&#8243; custom_padding=\u00bb|291px||||\u00bb][\/et_pb_image][\/et_pb_column][et_pb_column _builder_version=\u00bb4.27.0&#8243; _module_preset=\u00bbdefault\u00bb type=\u00bb1_2&#8243; theme_builder_area=\u00bbpost_content\u00bb][et_pb_text _builder_version=\u00bb4.27.0&#8243; _module_preset=\u00bbdefault\u00bb theme_builder_area=\u00bbpost_content\u00bb hover_enabled=\u00bb0&#8243; sticky_enabled=\u00bb0&#8243; custom_margin=\u00bb65px|||-190px||\u00bb]<\/p>\n<p><span style=\"color: #ffffff;\">Nos esforzamos por inspirar alegr\u00eda y creatividad en cada celebraci\u00f3n, mientras fomentamos pr\u00e1cticas sostenibles y una comunidad festiva inclusiva y diversa.<\/span><\/p>\n<p>[\/et_pb_text][\/et_pb_column][\/et_pb_row][et_pb_row _builder_version=\u00bb4.27.0&#8243; _module_preset=\u00bbdefault\u00bb column_structure=\u00bb1_2,1_2&#8243; theme_builder_area=\u00bbpost_content\u00bb][et_pb_column _builder_version=\u00bb4.27.0&#8243; _module_preset=\u00bbdefault\u00bb type=\u00bb1_2&#8243; theme_builder_area=\u00bbpost_content\u00bb][et_pb_image src=\u00bbhttp:\/\/www.biosercorp.com\/wp-content\/uploads\/2024\/09\/IMG_2467.jpg\u00bb _builder_version=\u00bb4.27.0&#8243; _module_preset=\u00bbdefault\u00bb theme_builder_area=\u00bbpost_content\u00bb alt=\u00bbBios Digital\u00bb title_text=\u00bbIMG_2467&#8243; hover_enabled=\u00bb0&#8243; sticky_enabled=\u00bb0&#8243; custom_margin=\u00bb||-13px|||\u00bb custom_padding=\u00bb|291px||||\u00bb][\/et_pb_image][\/et_pb_column][et_pb_column _builder_version=\u00bb4.27.0&#8243; _module_preset=\u00bbdefault\u00bb type=\u00bb1_2&#8243; theme_builder_area=\u00bbpost_content\u00bb][et_pb_text _builder_version=\u00bb4.27.0&#8243; _module_preset=\u00bbdefault\u00bb theme_builder_area=\u00bbpost_content\u00bb hover_enabled=\u00bb0&#8243; sticky_enabled=\u00bb0&#8243; custom_margin=\u00bb52px|||-196px||\u00bb]<\/p>\n<p><span style=\"color: #ffffff;\">Especialistas en el ambito digital, redes sociales, pauta en medios y estrateg\u00eda de datos para activos digitales.<\/span><\/p>\n<p>[\/et_pb_text][\/et_pb_column][\/et_pb_row][\/et_pb_section]<\/p>\n","protected":false},"excerpt":{"rendered":"<p>Somos distribuidores de velas para cumplea\u00f1os y nos encargados de iluminar los momentos mas importantes de las personas y es por ello que tenemos paquetes que se amoldan a sus necesidades.Nos esforzamos por inspirar alegr\u00eda y creatividad en cada celebraci\u00f3n, mientras fomentamos pr\u00e1cticas sostenibles y una comunidad festiva inclusiva y diversa.Especialistas en el ambito digital, [&hellip;]<\/p>\n","protected":false},"author":1,"featured_media":0,"parent":0,"menu_order":0,"comment_status":"closed","ping_status":"closed","template":"","meta":{"_et_pb_use_builder":"on","_et_pb_old_content":"","_et_gb_content_width":"","footnotes":""},"class_list":["post-113","page","type-page","status-publish","hentry"],"yoast_head":"<!-- This site is optimized with the Yoast SEO plugin v27.4 - https:\/\/yoast.com\/product\/yoast-seo-wordpress\/ -->\n<title>Productos y Servicios - Consultor&iacute;a de Datos y Marketing<\/title>\n<meta name=\"robots\" content=\"index, follow, max-snippet:-1, max-image-preview:large, max-video-preview:-1\" \/>\n<link rel=\"canonical\" href=\"http:\/\/www.biosercorp.com\/index.php\/productos-y-servicios\/\" \/>\n<meta property=\"og:locale\" content=\"es_ES\" \/>\n<meta property=\"og:type\" content=\"article\" \/>\n<meta property=\"og:title\" content=\"Productos y Servicios - Consultor&iacute;a de Datos y Marketing\" \/>\n<meta property=\"og:description\" content=\"Somos distribuidores de velas para cumplea\u00f1os y nos encargados de iluminar los momentos mas importantes de las personas y es por ello que tenemos paquetes que se amoldan a sus necesidades.Nos esforzamos por inspirar alegr\u00eda y creatividad en cada celebraci\u00f3n, mientras fomentamos pr\u00e1cticas sostenibles y una comunidad festiva inclusiva y diversa.Especialistas en el ambito digital, [&hellip;]\" \/>\n<meta property=\"og:url\" content=\"http:\/\/www.biosercorp.com\/index.php\/productos-y-servicios\/\" \/>\n<meta property=\"og:site_name\" content=\"Consultor&iacute;a de Datos y Marketing\" \/>\n<meta property=\"article:modified_time\" content=\"2024-09-05T02:16:09+00:00\" \/>\n<meta name=\"twitter:card\" content=\"summary_large_image\" \/>\n<script type=\"application\/ld+json\" class=\"yoast-schema-graph\">{\"@context\":\"https:\\\/\\\/schema.org\",\"@graph\":[{\"@type\":\"WebPage\",\"@id\":\"http:\\\/\\\/www.biosercorp.com\\\/index.php\\\/productos-y-servicios\\\/\",\"url\":\"http:\\\/\\\/www.biosercorp.com\\\/index.php\\\/productos-y-servicios\\\/\",\"name\":\"Productos y Servicios - Consultor&iacute;a de Datos y Marketing\",\"isPartOf\":{\"@id\":\"http:\\\/\\\/www.biosercorp.com\\\/#website\"},\"datePublished\":\"2024-09-05T02:15:52+00:00\",\"dateModified\":\"2024-09-05T02:16:09+00:00\",\"breadcrumb\":{\"@id\":\"http:\\\/\\\/www.biosercorp.com\\\/index.php\\\/productos-y-servicios\\\/#breadcrumb\"},\"inLanguage\":\"es\",\"potentialAction\":[{\"@type\":\"ReadAction\",\"target\":[\"http:\\\/\\\/www.biosercorp.com\\\/index.php\\\/productos-y-servicios\\\/\"]}]},{\"@type\":\"BreadcrumbList\",\"@id\":\"http:\\\/\\\/www.biosercorp.com\\\/index.php\\\/productos-y-servicios\\\/#breadcrumb\",\"itemListElement\":[{\"@type\":\"ListItem\",\"position\":1,\"name\":\"Portada\",\"item\":\"http:\\\/\\\/www.biosercorp.com\\\/\"},{\"@type\":\"ListItem\",\"position\":2,\"name\":\"Productos y Servicios\"}]},{\"@type\":\"WebSite\",\"@id\":\"http:\\\/\\\/www.biosercorp.com\\\/#website\",\"url\":\"http:\\\/\\\/www.biosercorp.com\\\/\",\"name\":\"Consultor&iacute;a de Datos y Marketing\",\"description\":\"Aliados estrat&eacute;gicos para empresas en la innovaci&oacute;n y creatividad\",\"potentialAction\":[{\"@type\":\"SearchAction\",\"target\":{\"@type\":\"EntryPoint\",\"urlTemplate\":\"http:\\\/\\\/www.biosercorp.com\\\/?s={search_term_string}\"},\"query-input\":{\"@type\":\"PropertyValueSpecification\",\"valueRequired\":true,\"valueName\":\"search_term_string\"}}],\"inLanguage\":\"es\"}]}<\/script>\n<!-- \/ Yoast SEO plugin. -->","yoast_head_json":{"title":"Productos y Servicios - Consultor&iacute;a de Datos y Marketing","robots":{"index":"index","follow":"follow","max-snippet":"max-snippet:-1","max-image-preview":"max-image-preview:large","max-video-preview":"max-video-preview:-1"},"canonical":"http:\/\/www.biosercorp.com\/index.php\/productos-y-servicios\/","og_locale":"es_ES","og_type":"article","og_title":"Productos y Servicios - Consultor&iacute;a de Datos y Marketing","og_description":"Somos distribuidores de velas para cumplea\u00f1os y nos encargados de iluminar los momentos mas importantes de las personas y es por ello que tenemos paquetes que se amoldan a sus necesidades.Nos esforzamos por inspirar alegr\u00eda y creatividad en cada celebraci\u00f3n, mientras fomentamos pr\u00e1cticas sostenibles y una comunidad festiva inclusiva y diversa.Especialistas en el ambito digital, [&hellip;]","og_url":"http:\/\/www.biosercorp.com\/index.php\/productos-y-servicios\/","og_site_name":"Consultor&iacute;a de Datos y Marketing","article_modified_time":"2024-09-05T02:16:09+00:00","twitter_card":"summary_large_image","schema":{"@context":"https:\/\/schema.org","@graph":[{"@type":"WebPage","@id":"http:\/\/www.biosercorp.com\/index.php\/productos-y-servicios\/","url":"http:\/\/www.biosercorp.com\/index.php\/productos-y-servicios\/","name":"Productos y Servicios - Consultor&iacute;a de Datos y Marketing","isPartOf":{"@id":"http:\/\/www.biosercorp.com\/#website"},"datePublished":"2024-09-05T02:15:52+00:00","dateModified":"2024-09-05T02:16:09+00:00","breadcrumb":{"@id":"http:\/\/www.biosercorp.com\/index.php\/productos-y-servicios\/#breadcrumb"},"inLanguage":"es","potentialAction":[{"@type":"ReadAction","target":["http:\/\/www.biosercorp.com\/index.php\/productos-y-servicios\/"]}]},{"@type":"BreadcrumbList","@id":"http:\/\/www.biosercorp.com\/index.php\/productos-y-servicios\/#breadcrumb","itemListElement":[{"@type":"ListItem","position":1,"name":"Portada","item":"http:\/\/www.biosercorp.com\/"},{"@type":"ListItem","position":2,"name":"Productos y Servicios"}]},{"@type":"WebSite","@id":"http:\/\/www.biosercorp.com\/#website","url":"http:\/\/www.biosercorp.com\/","name":"Consultor&iacute;a de Datos y Marketing","description":"Aliados estrat&eacute;gicos para empresas en la innovaci&oacute;n y creatividad","potentialAction":[{"@type":"SearchAction","target":{"@type":"EntryPoint","urlTemplate":"http:\/\/www.biosercorp.com\/?s={search_term_string}"},"query-input":{"@type":"PropertyValueSpecification","valueRequired":true,"valueName":"search_term_string"}}],"inLanguage":"es"}]}},"_links":{"self":[{"href":"https:\/\/www.biosercorp.com\/index.php\/wp-json\/wp\/v2\/pages\/113","targetHints":{"allow":["GET"]}}],"collection":[{"href":"https:\/\/www.biosercorp.com\/index.php\/wp-json\/wp\/v2\/pages"}],"about":[{"href":"https:\/\/www.biosercorp.com\/index.php\/wp-json\/wp\/v2\/types\/page"}],"author":[{"embeddable":true,"href":"https:\/\/www.biosercorp.com\/index.php\/wp-json\/wp\/v2\/users\/1"}],"replies":[{"embeddable":true,"href":"https:\/\/www.biosercorp.com\/index.php\/wp-json\/wp\/v2\/comments?post=113"}],"version-history":[{"count":2,"href":"https:\/\/www.biosercorp.com\/index.php\/wp-json\/wp\/v2\/pages\/113\/revisions"}],"predecessor-version":[{"id":120,"href":"https:\/\/www.biosercorp.com\/index.php\/wp-json\/wp\/v2\/pages\/113\/revisions\/120"}],"wp:attachment":[{"href":"https:\/\/www.biosercorp.com\/index.php\/wp-json\/wp\/v2\/media?parent=113"}],"curies":[{"name":"wp","href":"https:\/\/api.w.org\/{rel}","templated":true}]}}